 is divided by 65?
14
Calculate the remainder when 32 is divided by 20.
12
What is the remainder when 710 is divided by 65?
60
What is the remainder when 826 is divided by 18?
16
Calculate the remainder when 1378 is divided by 137.
8
Calculate the remainder when 3127 is divided by 41.
11
What is the remainder when 378 is divided by 98?
84
Calculate the remainder when 2157 is divided by 27.
24
What is the remainder when 222 is divided by 75?
72
Calculate the remainder when 695 is divided by 29.
28
What is the remainder when 57 is divided by 18?
3
Calculate the remainder when 10132 is divided by 3377.
1
Calculate the remainder when 150 is divided by 51.
48
Calculate the remainder when 134 is divided by 72.
62
What is the remainder when 1027 is divided by 115?
107
Calculate the remainder when 2015 is divided by 107.
89
Calculate the remainder when 158 is divided by 70.
18
Calculate the remainder when 332 is divided by 6.
2
What is the remainder when 9693 is divided by 745?
8
Calculate the remainder when 305 is divided by 44.
41
Calculate the remainder when 424 is divided by 35.
4
What is the remainder when 1122 is divided by 15?
12
What is the remainder when 85 is divided by 10?
5
Calculate the remainder when 80 is divided by 20.
0
Calculate the remainder when 537 is divided by 77.
75
What is the remainder when 161 is divided by 59?
43
Calculate the remainder when 1641 is divided by 208.
185
What is the remainder when 160 is divided by 55?
50
Calculate the remainder when 8309 is divided by 30.
29
Calculate the remainder when 503 is divided by 36.
35
What is the remainder when 16657 is divided by 14?
11
What is the remainder when 886 is divided by 12?
10
Calculate the remainder when 160 is divided by 17.
7
Calculate the remainder when 1164 is divided by 26.
20
What is the remainder when 4991 is divided by 32?
31
What is the remainder when 4792 is divided by 6?
4
What is the remainder when 382 is divided by 98?
88
Calculate the remainder when 2397 is divided by 75.
72
What is the remainder when 61 is divided by 13?
9
Calculate the remainder when 1275 is divided by 128.
123
What is the remainder when 647 is divided by 36?
35
Calculate the remainder when 161 is divided by 105.
56
What is the remainder when 192 is divided by 49?
45
What is the remainder when 80 is divided by 22?
14
What is the remainder when 83 is divided by 38?
7
Calculate the remainder when 813 is divided by 117.
111
Calculate the remainder when 1637 is divided by 78.
77
Calculate the remainder when 5436 is divided by 85.
81
Calculate the remainder when 1463 is divided by 24.
23
Calculate the remainder when 81547 is divided by 233.
230
What is the remainder when 97 is divided by 44?
9
Calculate the remainder when 777 is divided by 3.
0
Calculate the remainder when 171 is divided by 36.
27
What is the remainder when 4016 is divided by 50?
16
Calculate the remainder when 2551 is divided by 1275.
1
What is the remainder when 67552 is divided by 229?
226
Calculate the remainder when 969 is divided by 271.
156
What is the remainder when 97 is divided by 20?
17
Calculate the remainder when 82 is divided by 36.
10
What is the remainder when 5794 is divided by 223?
219
What is the remainder when 1131 is divided by 26?
13
Calculate the remainder when 2661 is divided by 74.
71
Calculate the remainder when 591 is divided by 303.
288
What is the remainder when 9003 is divided by 99?
93
What is the remainder when 5967 is divided by 21?
3
Calculate the remainder when 25 is divided by 8.
1
What is the remainder when 10120 is divided by 81?
76
What is the remainder when 1132 is divided by 185?
22
What is the remainder when 9689 is divided by 5?
4
What is the remainder when 1232 is divided by 19?
16
What is the remainder when 364 is divided by 16?
12
Calculate the remainder when 50 is divided by 50.
0
Calculate the remainder when 528 is divided by 9.
6
Calculate the remainder when 824 is divided by 36.
32
Calculate the remainder when 165 is divided by 10.
5
What is the remainder when 5014 is divided by 88?
86
What is the remainder when 406 is divided by 113?
67
What is the remainder when 319 is divided by 43?
18
What is the remainder when 2817 is divided by 83?
78
What is the remainder when 1367 is divided by 17?
7
What is the remainder when 130 is divided by 26?
0
Calculate the remainder when 460 is divided by 58.
54
What is the remainder when 211 is divided by 147?
64
What is the remainder when 4317 is divided by 12?
9
What is the remainder when 114 is divided by 67?
47
What is the remainder when 713 is divided by 14?
13
Calculate the remainder when 302 is divided by 101.
100
Calculate the remainder when 254 is divided by 85.
84
What is the remainder when 964 is divided by 22?
18
Calculate the remainder when 235 is divided by 4.
3
Calculate the remainder when 261 is divided by 24.
21
What is the remainder when 199 is divided by 8?
7
What is the remainder when 597 is divided by 235?
127
Calculate the remainder when 560 is divided by 179.
23
Calculate the remainder when 368 is divided by 9.
8
What is the remainder when 37 is divided by 25?
12
What is the remainder when 646 is divided by 6?
4
Calculate the remainder when 695 is divided by 28.
23
What is the remainder when 1168 is divided by 128?
16
Calculate the remainder when 162 is divided by 153.
9
What is the remainder when 199 is divided by 8?
7
What is the remainder when 997 is divided by 106?
43
What is the remainder when 2212 is divided by 85?
2
Calculate the remainder when 2637 is divided by 30.
27
What is the remainder when 129 is divided by 61?
7
Calculate the remainder when 1059 is divided by 56.
51
Calculate the remainder when 428 is divided by 341.
87
What is the remainder when 372 is divided by 25?
22
Calculate the remainder when 444 is divided by 29.
9
What is the remainder when 169 is divided by 59?
51
What is the remainder when 2601 is divided by 375?
351
Calculate the remainder when 480 is divided by 21.
18
What is the remainder when 31 is divided by 11?
9
Calculate the remainder when 215 is divided by 36.
35
Calculate the remainder when 17036 is divided by 60.
56
What is the remainder when 197 is divided by 37?
12
What is the remainder when 47 is divided by 8?
7
Calculate the remainder when 144 is divided by 61.
22
Calculate the remainder when 248 is divided by 36.
32
What is the remainder when 416 is divided by 16?
0
Calculate the remainder when 129 is divided by 22.
19
What is the remainder when 15 is divided by 6?
3
What is the remainder when 1742 is divided by 27?
14
Calculate the remainder when 7468 is divided by 15.
13
Calculate the remainder when 19099 is divided by 48.
43
Calculate the remainder when 4319 is divided by 54.
53
Calculate the remainder when 10005 is divided by 11.
6
What is the remainder when 140 is divided by 41?
17
What is the remainder when 8579 is divided by 13?
12
Calculate the remainder when 9548 is divided by 15.
8
What is the remainder when 3695 is divided by 6?
5
Calculate the remainder when 3450 is divided by 687.
15
What is the remainder when 72 is divided by 19?
15
What is the remainder when 200 is divided by 92?
16
What is the remainder when 4337 is divided by 124?
121
What is the remainder when 95 is divided by 82?
13
Calculate the remainder when 169 is divided by 43.
40
Calculate the remainder when 2430 is divided by 122.
112
What is the remainder when 265 is divided by 17?
10
What is the remainder when 153 is divided by 31?
29
What is the remainder when 3491 is divided by 66?
59
Calculate the remainder when 1103 is divided by 71.
38
Calculate the remainder when 552 is divided by 253.
46
What is the remainder when 1056 is divided by 242?
88
Calculate the remainder when 137 is divided by 123.
14
Calculate the remainder when 307 is divided by 37.
11
Calculate the remainder when 134 is divided by 15.
14
What is the remainder when 4000 is divided by 29?
27
What is the remainder when 514 is divided by 154?
52
What is the remainder when 1827 is divided by 263?
249
What is the remainder when 1122 is divided by 25?
22
Calculate the remainder when 263 is divided by 38.
35
What is the remainder when 728 is divided by 67?
58
Calculate the remainder when 183 is divided by 113.
70
Calculate the remaind